7. Let u be 94/o - 4/(-12). Suppose -5 = z - u. Is z a composite number?
False
Suppose 4*f - o - 23 = 0, 16 = 2*f - 0*f - 2*o. Suppose p + f*j - 148 = 0, 9*p = 4*p - 4*j + 803. Is p prime?
True
Let x(o) be the first derivative of 35*o**2 - 7*o + 9. Is x(3) a composite number?
True
Let w(p) = -p**2 - p + 629. Is w(0) prime?
False
Let q(i) = 4*i**3 + 3*i**2 - i - 38. Let m(v) = 5*v**3 + 4*v**2 - v - 39. Let o(n) = 3*m(n) - 4*q(n). Is o(0) a composite number?
True
Let a be 685/(-45) + (-4)/(-18). Let o be (-2)/(-6) - (-20)/a. Let q = 10 - o. Is q a prime number?
True
Let z(r) be the third derivative of -r**6/120 + r**5/12 + r**4/6 - 7*r**3/6 + 8*r**2. Is z(3) prime?
True
Let v(o) = 679*o**2 + 2*o - 2. Is v(1) prime?
False
Let j = 104 - -286. Let i = j - 261. Is i composite?
True
Let r(k) = -4 + 9*k + 3 + k**3 - 5*k**2 + 3. Is r(7) composite?
False
Suppose 2*v = -4*a + 306, 2*v = a - 3*v - 49. Is a prime?
False
Let s be (-2)/(-9) + 626/18. Suppose -w + s + 78 = 0. Is w composite?
False
Let d(u) = -u**3 - 3*u**2 - 5*u + 7. Let f be 4*1/((-6)/9). Is d(f) a composite number?
True
Suppose -8*q + 6*q + 70 = 0. Is q composite?
True
Let y = 519 - 358. Is y composite?
True
Let r(l) = -l**2 + 5*l - 2. Let w be r(4). Let h(j) = 0*j + 8*j**2 + j + 24*j**w. Is h(-1) composite?
False
Let k be (-32)/(-12) + 2/(-3). Suppose -k*d - d = 3*z + 9, 0 = -3*z - 2*d - 12. Is 12*(-27)/z - 3 a prime number?
False
Let p = 692 + -295. Is p a prime number?
True
Let j be -2 + 0 - (-218 + -1). Suppose x = -2*w + 61, 0*x - w - j = -4*x. Is x a prime number?
False
Let c(d) = 3*d. Let u be c(-1). Let s be (u/2)/(3/(-4)). Suppose 0 = -s*i - 2*i + 88. Is i a composite number?
True
Suppose -2*b - 2*c = -10, -25 = -0*b - 5*b + 3*c. Suppose m + 92 = b*m. Is m prime?
True
Suppose 3*z - 7*z = 4, 3*z = 3*l - 348. Is l a composite number?
True
Suppose 2*j - 3*j = -3. Suppose z + j*z = 156. Is z a composite number?
True
Let s(v) = -v + 8. Let c be s(6). Let q be (0 + (-8)/c)*11. Is -3*(q/6)/1 composite?
True
Let x(g) = -70*g**2. Let w be x(1). Let i = w - -119. Is i composite?
True
Is (1*(0 - 307))/(-1) composite?
False
Let h be 0 - (3 + -1 - -1). Let l(i) = -i**3 + 3*i**2 - 5*i - 4. Is l(h) a composite number?
True
Let a = 4 - -17. Let j be (1 - -5) + 0 + -1. Let d = a + j. Is d composite?
True
Suppose -4*v + v = 216. Let q = 59 - v. Is q a composite number?
False
Let t = 20 + -12. Suppose -3*z = -t*z + 160. Let o = z + 83. Is o composite?
True
Let q be (2 + -3)/(3/930). Let m = q + 521. Is m a composite number?
False
Let v(k) = -63*k + 5. Let u be v(-4). Suppose -5*h + b = -1180 + u, -933 = -5*h - 4*b. Is h prime?
False
Let v(u) = 18*u**2 + 4*u - 5. Is v(-4) composite?
True
Suppose -3*q + 5*v + 2 = 0, 4*q - 10 = -0*q + 3*v. Suppose -q*j = -4*o - 5 - 43, 5*j - 51 = 4*o. Is 4/(-18) - 119/o composite?
False
Suppose 4*b + 1560 = 3*n - 667, -3*n - b + 2237 = 0. Is n composite?
True
Let w be (-2)/(-9) + (-38)/9. Let i = 2 - w. Is (-226)/((-3)/(9/i)) a prime number?
True
Suppose -1620 = -5*c - u, -2*c - 5*u + 625 = -0*u. Suppose t = 3*y + c, 7*t - 1669 = 2*t + 4*y. Is t a composite number?
False
Suppose -3 = -i + 2. Suppose i*f - 63 = 2*f. Is f prime?
False
Let s = -13 - -38. Let l = s + 91. Suppose -4*j - l = -4*o, 3*o + 2*j = -2*j + 115. Is o prime?
False
Let v = -5 - -6. Is 13/(1*(v - 0)) a composite number?
False
Let j be ((-36)/(-10))/((-15)/(-50)). Is 381/j*(1 - -3) prime?
True
Suppose -5*s - 7 = 3. Is 3 + (-38)/4*s a prime number?
False
Suppose -2*g + 5*i - 40 = 0, -2*g - i - 22 - 42 = 0. Let h = -8 - g. Is h composite?
True
Suppose 1451 = -h + 2*z + 531, z + 1840 = -2*h. Is h/(-12) - (-1)/3 a composite number?
True
Suppose 4*i - 2 = -5*p, p - 12 = -2*p + 3*i. Let l be (3 - 5)*(-11)/4*14. Is l/p + 3/6 a prime number?
False
Let g(a) = -a**3 + 2*a**2 + 4*a - 3. Let q be g(3). Suppose 4*j + 181 + 15 = q. Let m = j - -84. Is m prime?
False
Let u be (2648/(-12) + 1)*-3. Let i = u - 24. Is i a prime number?
False
Let v(l) = l**2 - l + 119. Let z(o) = -o - 4. Let t be -3 + (1 - (1 - -1)). Let g be z(t). Is v(g) prime?
False
Let w be 1149/21 - 4/(-14). Suppose w = -8*f + 9*f. Is f prime?
False
Let j(a) = 178*a**2 + 9*a + 3. Is j(2) a prime number?
True
Suppose 101 = 2*o + 31. Let b(h) = 3*h**2 - 14*h + 7. Let x be b(9). Suppose -3*y = -o - x. Is y composite?
False
Let q(p) = p. Let o(l) = 4*l. Suppose -5*u + 0*u + 25 = 0. Let x(h) = u*q(h) - o(h). Is x(7) composite?
False
Let h(j) = 9*j**3 - 3*j**2 + 3*j + 6. Let o(k) = -k**3 - k**2 + k + 1. Let f(b) = h(b) - 5*o(b). Suppose 4*p = -w + 9, -5*p + 2*w - 5 = -0*p. Is f(p) composite?
True
Let r(y) = y**3 - 8*y**2 - 10. Let h be r(8). Let o be ((-6)/(-4))/((-3)/h). Suppose 3*l - 139 = -2*x, 3*l + 2*l + o*x = 230. Is l a prime number?
True
Let s(m) = -m**2 - 7*m - 5. Let n be s(-5). Suppose -583 = a + 2*h, n*a - 5*h + 2587 + 388 = 0. Is a/(-12) - (-1)/(-4) prime?
False
Suppose 0 = 5*g - 130 + 15. Let k = 11 + g. Is k a composite number?
True
Let z = 17 + -11. Suppose 7*y = 4*y + z. Suppose y*d = -d + 2*r + 99, -2*d - r = -59. Is d composite?
False
Suppose 2*v - 226 = 180. Is v a prime number?
False
Let o = -1170 - -1855. Is o a prime number?
False
Let q = -154 - -259. Let z = q + 194. Is z composite?
True
Let b be (-18)/(-9) - (-118)/(-2). Is (b/6)/((-3)/138) a prime number?
False
Let k = -8 + 63. Is k a prime number?
False
Let d be 1/3 - 8/(-3). Suppose h - 86 = 3*z, d*h + 3*z = 162 + 84. Is h a prime number?
True
Suppose -20 = p + 4*l, 0*p - p + l - 5 = 0. Let n be 2*(-2)/p*-2. Let w(x) = -30*x + 1. Is w(n) composite?
False
Suppose -4*w + 3*t + 3151 = 0, -1162 = -3*w + 3*t + 1202. Is w composite?
False
Let j(y) = -y**3 - 2*y**2 - 3*y + 3. Let d be j(-5). Suppose -d = -5*u + 17. Is u a composite number?
True
Suppose 3*o - 1858 = -2*h, 2*h = 4*o - h - 2483. Suppose 4*f - 2*p - 502 = 0, -7*f + 2*f = -4*p - o. Let x = f + -73. Is x a composite number?
True
Let j(g) = -g**2 - 2*g + 2. Let w be j(-2). Is (2 - -2) + w/(-2) composite?
False
Let z = 14 - 9. Suppose -29 = 3*m + k, z*m + k + k + 48 = 0. Let j = 1 - m. Is j prime?
True
Let v(h) = -h**3 - 2*h**2 - 2*h. Let p be v(-2). Suppose 0*y - p*y + 1016 = 4*q, -2*q - 10 = 0. Is y composite?
True
Suppose 2*o = g + 450, o + 2*g - 105 - 110 = 0. Is o prime?
True
Let p(x) = -x**3 - x**2 - 7*x - 15. Is p(-8) prime?
False
Suppose 4*k - 2*k - 5*d = 221, -d = 3. Is k prime?
True
Suppose 5*l + 54 - 194 = 0. Let z = l - 15. Is z composite?
False
Is 1/(1*3/66) composite?
True
Let x(b) = 2*b - 4*b + 0*b**2 + b + 4 - b**2 + b**3. Let z be x(0). Suppose 3*t - z*t + 113 = 0. Is t a prime number?
True
Let i be 1 - (-1 - (-2 - 0)). Suppose 0 = -5*b + 5*h - 5, -5*b + 2*h + i*h - 11 = 0. Is (-6)/(-9) + (-37)/b a prime number?
True
Suppose 108 = -6*c + 2*c. Let u be (-1)/(-1 + (-20)/(-16)). Is (-1)/u - c/4 a composite number?
False
Suppose 0*o + 3 = -3*o. Let f(l) = -l**3 + 1. Let w be f(o). Suppose w*k + 499 = -j + 2*j, -5*k = 2*j - 1016. Is j prime?
True
Let v be -2*(-2)/(-4)*-230. Suppose 3*d - d = -4*q + v, -300 = -5*q - 5*d. Is q prime?
False
Suppose 3 = 3*l - 0. Suppose l = x - 1. Suppose -m + 393 = x*m. Is m composite?
False
Let m(v) = -2*v - 1 + 64*v**2 - 3 + 3. Is m(2) a prime number?
True
Let h = 319 + 198. Is h prime?
False
Suppose 6 = 3*f - f. Suppose -f*g + 370 - 79 = 0. Is g composite?
False
Let v = 4 + -4. Is (-4)/(-2) + 585 - v prime?
True
Let v(n) = 491*n - 25. Is v(10) a prime number?
False
Suppose -6*g - 2*g = -536. Is g a composite number?
False
Let j be 2/(-11) + 137358/66. Suppose 1346 = 2*z + 2*t, 4*z - 579 = 4*t + j. Is z composite?
True
Let v(o) = 4*o**3 + 2*o - 1. Let y be v(1). Let t = y + 14. Is t a prime number?
True
Let c(h) = -5*h**3 + 3*h**2 - 3*h + 8. Let a be c(-7). Suppose 71 = f - 5*w - 303, -5*f + a = -4*w. Is f a composite number?
False
Suppose 10*b - 5*b - v = -2666, -v = -1. Let x = -811 - b. Is 4/6 + x/(-6) a prime number?
True
Suppose 11*j - 4415 - 106 = 0. Is j prime?
False
Suppose r + 3 = 9. Suppose 14 = 5*x + k, -r*k - 9 = -2*x - 3*k. Suppose 4*t + 113 = 5*b, t + 83 = 4*b - x. Is b composite?
True
Suppose -g - 6 = g. Let m(x) = -22*x + 3. Is m(g) composite?
True
Let z = 2842 + -351. Is z a prime number?
False
Let v(h) = -594*h**3 - 1. Is v(-1) a prime number?
True
Suppose -104